?
1
Let v be ((-15)/(-10))/(12/2216). What is the units digit of (-4)/22 - v/(-11)?
5
Suppose -2*r = 4*i + i - 26, -4*r + 5*i - 8 = 0. Let h be (3 - 0 - 7) + 3. What is the tens digit of h/r*(-45)/1?
1
Suppose 5290 = 2*s - 2*k, 2*s = -0*s - 5*k + 5269. What is the thousands digit of s?
2
Let p(m) = 9*m**2 + m + 18. What is the thousands digit of p(13)?
1
Let n = -42 - -59. Let v(y) = -y**3 + 14*y**2 + 16*y - 13. Let q(k) = -2*k**3 + 27*k**2 + 32*k - 27. Let j(d) = 2*q(d) - 5*v(d). What is the tens digit of j(n)?
2
Suppose -11983 = -16*t - 2911. What is the hundreds digit of t?
5
Suppose 21*w = 25*w - 224. Suppose w + 172 = 2*m. What is the tens digit of m?
1
What is the tens digit of (-59186)/(-30) - (-34)/255?
7
Suppose 0 = 3*a + 5*p - 1901, 5*a - 12*p - 3115 = -7*p. What is the tens digit of a?
2
Let a(z) = -z - 1. Let k be a(0). Let x be k + -2 - (4 + -3). What is the tens digit of (50/x)/((-4)/8)?
2
Let a(x) = 1. Let n(o) = -o - 7. Let k(v) = -2*v - 13. Let y(f) = -6*k(f) + 11*n(f). Let m(p) = -2*a(p) - y(p). What is the units digit of m(-4)?
1
Suppose 0 = 10*t - 5*t - 6335. What is the hundreds digit of t?
2
Let n = -1466 - -4969. What is the hundreds digit of n?
5
Suppose 5*p - 84 = -p. Let q = p + -11. Suppose f + 46 = l + q*f, 5*f = -4*l + 172. What is the units digit of l?
8
Let h(s) = 4*s**2 - s + 1. Let y be h(1). Suppose -25 = -9*z + y*z. Let x(r) = -r**3 + 7*r**2 - 5*r - 7. What is the units digit of x(z)?
8
Let z(h) = 352*h**2 - 10*h - 7. What is the hundreds digit of z(-2)?
4
Let c = -735 + 1187. What is the hundreds digit of c?
4
What is the hundreds digit of (10/(-15))/(8/(-37956))?
1
Let v(i) = i**3 + 15*i**2 - 14*i - 29. What is the hundreds digit of v(-11)?
6
Let d(t) = -3*t + 8. Let y(m) = m - 4. Let b(k) = -2*d(k) - 5*y(k). Suppose 0 = 2*l + 5 - 9. What is the units digit of b(l)?
6
Suppose -z + 5*c = 22, -4*z + 3*c = z. Suppose 64 = -z*h + 367. What is the hundreds digit of h?
1
Suppose 4*r - 13 - 15 = 0. Let l = r - 3. What is the units digit of l?
4
Let s(c) = c**3 - 9*c**2 - 12*c + 10. Let v be s(10). Let f be (-1336)/v - 4/(-10). Suppose -2*w = -2*p + 74, -4*p = -w + 4*w - f. What is the tens digit of p?
3
Let h(j) = j**2 - 5*j - 15. Let m be h(20). Suppose -3*k + 3*z = -m, 4*k - 3*k = 2*z + 97. What is the tens digit of k?
9
Suppose -2*a + 92 = 2*a. Let x = -20 + a. What is the units digit of x?
3
Let m be (-4)/(-6) + (-6)/9. Suppose 2*a - 8 = -m*a. What is the units digit of 1 - -2*a/8?
2
Suppose 3*z - 20 = -z. Suppose -4*u = -z - 7. Suppose -2*w = -7*w + 3*d + 20, -3*w - u*d + 36 = 0. What is the units digit of w?
7
Suppose 85*t = 79*t + 10182. What is the thousands digit of t?
1
Let h(n) be the first derivative of -2*n**3 + 1/2*n**2 - 1/4*n**4 + 3*n - 4. What is the tens digit of h(-7)?
4
Let p = -10 - -15. Suppose 3*t - 168 = -4*g, p*g - 140 = -4*t + 84. What is the tens digit of t?
5
Let n(y) = -4*y - 20. Let c be n(-8). Let j be c/10*(-30)/(-12). Suppose -4*p + 0*p = j*b - 83, 5*p - 70 = 3*b. What is the tens digit of p?
1
Let c(u) be the third derivative of u**5/60 + u**4/4 - 2*u**3/3 + u**2. What is the tens digit of c(-13)?
8
Let p(y) = -907*y + 426. What is the thousands digit of p(-4)?
4
Let i(j) = j**2 - 4*j + 2. Let u be i(4). Suppose -3*z - 4*s - 13 = 0, u*z - 4 = 4*z - 2*s. What is the units digit of (-6 - -15)*(-8)/z?
4
What is the tens digit of 1317*(2*(-30)/36 - -2)?
3
Let j be 31/4 - 2/(-8). Suppose j*r = 7*r + 9. What is the units digit of r?
9
Let t(s) be the first derivative of s**3/3 - s**2/2 - 3*s + 13. What is the units digit of t(-6)?
9
Suppose 2*s = -3*m - m + 110, s - 3*m = 35. Let i = s - 46. What is the units digit of i?
1
Let u(d) = -50 - 41 - 40 + 2*d + 145. Suppose 2*p = -5*g, -3*p = -0*p - 2*g. What is the units digit of u(p)?
4
Suppose j + 130 = 3*b, -2*b + 20 = 2*b. Let d = -58 - j. Let f = d + -33. What is the units digit of f?
4
Let g(p) = 21*p**2 + 2*p - 1. Let u be g(1). Let b = -192 + 195. Suppose -b*r + 5*r = u. What is the units digit of r?
1
What is the hundreds digit of (-8640268)/(-1638) + ((-4)/(-18))/2?
2
Let k be (-9)/6 - 1686/(-4). Suppose 2*z + 5*z - k = 0. Suppose 9*w - 7*w = z. What is the tens digit of w?
3
Let j(y) = 96*y + 113. What is the thousands digit of j(23)?
2
Suppose 0 = 4*d - 6*d + o + 397, -583 = -3*d + 4*o. Let b = d + 60. What is the units digit of b?
1
Let x(o) = o - 12. Let j = 4 + 10. Let v be x(j). Suppose a + v*a - 3*n + 6 = 0, 3*a + 2 = 2*n. What is the units digit of a?
2
Let f = -125 + 351. Suppose -2*t - 440 = -5*u + u, 4*t + f = 2*u. What is the hundreds digit of u?
1
Suppose 4*h - h - 9 = 0. Suppose -4*v + 429 = -h*n, 2*v = -3*n + 55 + 146. What is the tens digit of v?
0
What is the hundreds digit of 11 - 4 - (-4 + 15) - -3231?
2
Let h be (-47)/(-5) + (-28)/70. Let a = 47 - h. What is the tens digit of a?
3
Let x(n) = 15*n**2 - 24*n + 47. What is the units digit of x(2)?
9
What is the tens digit of 7950/12 - ((-12)/(-8) + 0)?
6
Let o be ((-114)/5)/(81/(-540)). What is the hundreds digit of 2/12*6 + -1 + o?
1
Let k(o) = -o**2 - 15*o - 7. Let v be k(-10). Suppose 3*i - 2*i - 5*t = 14, 5*i = -2*t + v. Suppose i*w = 5*w + 64. What is the units digit of w?
6
What is the tens digit of (-10)/(-4)*59898/1005?
4
Let l(o) = o**2 - 18*o - 11. Let d be l(19). Let v = 89 - d. What is the tens digit of v?
8
Let f(i) = 28*i**3 - 5*i**2 - i - 8. Let k(h) = -7*h**3 + h**2 + 2. Let g(r) = -2*f(r) - 9*k(r). Let y = -3 - -5. What is the units digit of g(y)?
2
Let v(i) = i**2 - i - 4. Let b be v(3). What is the units digit of (b - 1)/((-13)/(-455))?
5
Let y(t) be the second derivative of 0 + 1/12*t**4 - 5*t**2 - 5/3*t**3 - 5*t. What is the units digit of y(11)?
1
Suppose 44*x = 15256 + 25796. What is the tens digit of x?
3
Suppose 4991 = 3*w - 5*d, 3*w - 3274 = 4*d + 1716. What is the tens digit of w?
6
Let f = -51 - -81. Let u = f - 23. What is the units digit of u?
7
What is the units digit of (-48)/(1/126*-3)?
6
Suppose 4*d - s + 4*s = 396, -5*d + 5*s = -530. Let q = -59 + d. What is the tens digit of q?
4
Let y(i) = i**3 + 7*i**2 + 5*i - 4. Let k be y(-6). Suppose 0 = 2*a + k*x - 18, -3*x + 2 - 3 = -a. Let j = 10 + a. What is the tens digit of j?
1
Suppose -5*p + 23 + 7 = 3*i, -4*i = p - 6. Let j be 6*p/(48/20). Suppose 4*h - j = 49. What is the units digit of h?
6
Suppose 5*z + 6*j - 4*j = 19152, 5*z - 19148 = 2*j. What is the units digit of z?
0
Suppose 9*k - 1895 = 418. What is the units digit of k?
7
Let j(w) = w + 7. Let i be j(11). Suppose -4*m + 2*q + i = -0*m, 4*m = -2*q + 14. Suppose -u + 0*t + 25 = 3*t, 4*t = -m*u + 116. What is the tens digit of u?
3
What is the units digit of 4/1 + 699 - (7 - 3)?
9
Suppose -5*d = 25, 10*m = 11*m - 2*d - 4837. What is the hundreds digit of m?
8
Let m(l) = -l**3 - 2*l + 2. Let s be m(0). Let p = 1 - -10. Suppose s*x = -p + 31. What is the units digit of x?
0
Let m(u) = -3*u - 2*u + 3*u - u + 3 - 4*u**2 - u**3. Let z be ((-1)/2)/(3/18). What is the units digit of m(z)?
3
Let r = 32 + -34. Let j(n) = -n + 4. Let g be j(7). What is the units digit of 24/16*r/g?
1
Let u = 2 - 5. What is the units digit of (68/u)/((-6)/9)?
4
Let g(d) = -d**3 + 3*d**2 - 3*d + 3. Let p be g(2). Let w = -2 + p. What is the units digit of (3 - w/1) + -2?
2
Let o = 144 + -31. Suppose 2*u + 3*p - 5 = -0*u, 2*p - 2 = -u. Suppose 102 = 3*v - 5*q - u, -4*v + q + o = 0. What is the units digit of v?
7
Let n be -16 + 20 + -1 + 7. Let x = 36 + n. What is the tens digit of x?
4
Suppose 0*r = 3*r - 48. Let y = -16 + r. Suppose 2*a - a + 2 = y, -a = 2*c. What is the units digit of c?
1
Suppose 3*m = -4*j + 2880, -5*j + 2*j = -3*m - 2139. What is the tens digit of j?
1
Let t = 1774 - 1105. Let p be 2/1 + t/3. Suppose 0 = 4*o + 81 - p. What is the tens digit of o?
3
Let j be 1*((-71)/(-1) - 0). Suppose 4*o = 85 + 115. Let x = j - o. What is the units digit of x?
1
Suppose 2*g = -1 + 11. Suppose 2*l = 4*l - g*f + 80, -3*f - 48 = 2*l. Let j = 43 + l. What is the tens digit of j?
1
Let f(u) = 6*u - 6. Suppose -2*g - 23 = 3*c, 4*c + 10 = 2*c - 4*g. Let b = c - -13. What is the units digit of f(b)?
8
Suppose 0 = 4*w + 6 + 18. Let r = 2 + w. What is the units digit of 3/r*(-5 + 1)?
3
Suppose 5*t + 3*x = 886 - 81, -t - 5*x = -139. Let i = -60 + t. What